i - 7 + 14. Give n(4).
7
Let l(t) = 2*t**2 - 2*t + 3. Let z = -110 - -112. Give l(z).
7
Let y(z) be the first derivative of -3*z**2/2 - 4*z - 7. Let s be (-2 + -2)*6/4. Determine y(s).
14
Let n(o) = 5*o - 4. Let v = -4 - 2. Let z(q) = -11*q + 9. Let y(f) = v*z(f) - 13*n(f). Give y(2).
0
Let l(w) be the second derivative of -w**4/6 - w**3/6 - w**2/2 - 23*w. What is l(-2)?
-7
Let c(b) = b - 5. Let x(k) = -k**2 - 8*k + 1. Let f be x(-7). Calculate c(f).
3
Let b(k) be the third derivative of k**4/24 - k**2. Let v be (28/6)/((-2)/3). What is b(v)?
-7
Let v be 1/(-4) - (-51)/12. Let o(w) be the second derivative of -3*w**2 + 3*w - 1/20*w**5 + 1/4*w**4 + 0 + 7/6*w**3. What is o(v)?
6
Let q(u) = u**2 - 5*u - 4. Let v(n) = n**3 - 6*n**2 - 9*n + 8. Let f be v(7). Let s = -2 - f. Suppose -2*t - 2*t + c + 22 = 0, -s*t + 14 = 3*c. What is q(t)?
-4
Let s(k) = -3*k**2 + 4*k - 2. Let x = 7 - 5. Determine s(x).
-6
Let z(r) = r**2 - 6*r + 7. Let t be 89/(-3) + 6/(-18). Let g be (-1 + 4)/(3/t). Let n be ((-4)/(-10))/((-2)/g). Give z(n).
7
Let x = 1 - -3. Let k(u) = 3*u - 6. Let n(p) = -10*p + 19. Let z(t) = -7*k(t) - 2*n(t). Determine z(x).
0
Let r be (0 - -1)*-4 - -3. Let f(t) be the first derivative of 2*t**3/3 + t**2 + t - 1. Determine f(r).
1
Let q(h) = -8 - h**2 + h + 13 - 3. Let i be (-35)/(-15) - 2/(-3). Determine q(i).
-4
Let i(m) = -m**3 - 10*m**2 + 7*m + 10. Let q(b) = 2*b**3 + 19*b**2 - 14*b - 19. Let t(s) = 11*i(s) + 6*q(s). What is t(-5)?
6
Let u(w) = -2*w**2 + 3*w + 4. Let x = 29 + -32. Give u(x).
-23
Let f(s) = 3*s - s + 2*s**2 + 1652*s**3 - 1644*s**3 + 1. Suppose 2 + 2 = -4*a. Determine f(a).
-7
Let j(z) = -z**2 + z + 5. Let h(p) = 6*p. Let f be h(1). Let l(n) be the second derivative of n**3/6 - 3*n**2 + n. Let o be l(f). Calculate j(o).
5
Let u(p) = 2*p**3 + 4*p**2 - 4. Let z(w) = -w**3 + w**2 - 1. Let g(f) = -u(f) + 4*z(f). What is g(1)?
-6
Let i(j) = j**3 + j + 2. Suppose s - 5*o - 17 = -3*s, 5*s + 15 = -o. Let x = 2 + s. What is i(x)?
2
Let p(c) = 10 - 10 + 17*c. Give p(-1).
-17
Let g(s) = -s. Let i = -3 - -2. Let c(a) = a**2 + 5*a + 3. Let k(l) = i*c(l) - 4*g(l). Suppose 0 = -2*y + 5*y. Give k(y).
-3
Suppose 5*n + 10 = -0*n. Let p = -2 + n. Let k(l) = 2*l**2 + 6*l + 1. Give k(p).
9
Let l(k) = -k**3 - k + 15. Suppose -9*p = -8*p. Calculate l(p).
15
Let t be -2*(33/(-18))/11. Let s(l) be the first derivative of t*l**3 - 2 - l**2 + 2*l. Calculate s(3).
5
Let n(z) = 2*z + 1. Let d(s) = s**2 + s + 1. Let o be d(-2). Suppose -o = -5*w - 8. What is n(w)?
-1
Let b(r) = 5*r**2 + 10 + 3*r**3 - 2*r**3 - 3 + 2*r. Suppose -3*q - 21 = 3*l, -24 = 2*l + 2*l + 2*q. Give b(l).
-3
Let f(y) = -y + 1. Let d(l) = -l**3 - 8*l**2 - 9*l - 6. Let n be d(-7). Suppose n = 2*g - 4*g. Give f(g).
5
Let y(d) = 4*d**3 - d**2 - d + 2. Let n(r) = r**3 + r**2 - r. Let b(z) = 3*n(z) - y(z). Let x be 2/(-3)*(-9)/2. Determine b(x).
1
Let o(a) = -2*a + a**2 + 4*a**2 + 8*a - a**3 - 5 + 2*a. Calculate o(6).
7
Suppose -5*n + 4*i = 0, 3*n - i + 4*i - 27 = 0. Let r(o) = -o**2 + 6*o - 1. What is r(n)?
7
Let v be 3 - -1*(-2 + 1). Let k(w) = -3*w - 4*w - v*w**3 + 4*w**2 + 3*w**3 - 6. Let p be ((-2)/(-2))/((-2)/10). Give k(p).
4
Let q(g) = 2*g**3 - 3*g**2 - 2*g - 5. Let m(v) = -3*v**3 + 2*v**2 + v + 6. Let a(u) = -3*m(u) - 4*q(u). Suppose 5 = -2*o + 19. Let t = o + -12. What is a(t)?
2
Let q be (-46)/6 + 6/9. Let w = 14 + q. Let r(m) = -m**3 + 6*m**2 + 6*m + 5. Let v be r(w). Let p(x) = -x**3 - 3*x**2 + x - 2. Give p(v).
-8
Let j(v) = -v**2 - 2*v. Suppose -5*c = -c. Suppose 0 = 2*w - c*w + 4. Let f = 0 + w. Calculate j(f).
0
Let t(m) = 3*m**3 - 9*m**2 - 7*m + 1. Let n(x) = 0 - 1 + 8*x**2 - 2*x - 2*x**3 + 8*x. Let q(g) = 4*n(g) + 3*t(g). Calculate q(-3).
8
Let q(m) be the third derivative of -m**7/840 - m**6/720 + m**5/30 - 2*m**2. Let c(w) be the third derivative of q(w). What is c(-1)?
5
Let v(x) = -x**2 + 7*x - 6. Let g = -6 + 16. Let o = -2 - -4. Suppose -g = -o*j - 0. Determine v(j).
4
Let u = 18 + -13. Suppose u*i - 3*i - 4 = 0. Let d(v) be the third derivative of v**4/12 - v**3/3 - v**2. Determine d(i).
2
Let p(m) be the third derivative of m**4/24 - m**3 - 7*m**2. Determine p(5).
-1
Let v(t) = -t - 1. Let r = 10 + -2. Let m = r - 7. Let y(u) = -u. Let p(b) = m*y(b) + 3*v(b). Calculate p(-3).
9
Let m be (3/(-3) - -2) + 2. Let w(y) = -4 + m*y - 4*y + 5 - 3*y. Determine w(-1).
5
Let f(s) = 7*s**3 - 7*s**2 + 3*s + 37. Let q(l) = -4*l**3 + 4*l**2 - 2*l - 19. Let x(d) = 3*f(d) + 5*q(d). Calculate x(0).
16
Let i(q) = 2*q**2 - 20*q - 22. Let n be i(11). Let z(l) = l**2 + 17. Calculate z(n).
17
Let k(b) = b**3 + 3*b**2 - 5*b + 1. Let i be k(-4). Let g(f) = -6 + 1 + 5 + 3 - f. What is g(i)?
-2
Suppose 0*m - 4*m = -24. Let j(g) = -2*g**2 - g + 1. Let n(y) = 3*y**2 + 10*y - 8. Let c(b) = 2*j(b) + n(b). Calculate c(m).
6
Suppose 5*m + 0*m - 10 = 0. Let t(z) = -3*z**2 - 4*z + 2 + m*z + 2*z. Let u(v) = -v**2 - 5*v - 2. Let x be u(-5). What is t(x)?
-10
Let z be 9 - (-6)/(-2) - -1. Let c(t) = 19*t - 37*t + 17*t - z. Give c(-5).
-2
Let z(f) = f**3 - f**2 - 2*f + 2. Let r be z(2). Let b(d) = 4*d - 5 + 4*d + 4 - r*d. What is b(-1)?
-7
Let m(g) = 2*g**3 - 2*g**2 - 2*g. Let n(y) = -y**3 - 9 + 6 - y + 4 - y**2. Let v(u) = -m(u) - n(u). Calculate v(3).
8
Let p = 0 - 0. Let w(j) = j**2 - 2. Let x be w(-2). Let q(c) = -2*c**2 + 6 + c**2 - c**3 + c + 2*c**3 - x*c**3. Give q(p).
6
Let h(n) be the first derivative of n**3 - n**2/2 - n + 6. Give h(-1).
3
Let p(r) = 0*r + 5*r + 5 - 2*r. Suppose 4*m = 15 - 31. Calculate p(m).
-7
Let r be 4*2/1 - 3. Let w(f) = -2*f - 6 + f**3 + r + 5*f + 5*f**2. What is w(-4)?
3
Let g(c) = -7*c**2 - 6*c - 16. Let b(m) = 13*m**2 + 11*m + 30. Let w(p) = 6*b(p) + 11*g(p). Suppose -3*q - 2*q = 15. What is w(q)?
13
Let q(l) = -6*l**2 - l - 6. Let v(c) = c**2 - c + 1. Let y(z) = q(z) + 5*v(z). Give y(-6).
-1
Let k = 8 - 2. Let r(f) = 2*f + 3. Determine r(k).
15
Let g(u) = u - 4. Let y(f) = -f + 3. Let c(v) = 3*g(v) + 4*y(v). Let r(l) = -3*l - 1. Let a be r(-2). Suppose a*z = -k - 10, 1 - 3 = -4*k + z. What is c(k)?
0
Let l(k) = -k**3 + 8*k**2 - k + 8. Suppose 3*u + 4*m - 44 = 0, -2*u + 2*m = -0*m - 6. What is l(u)?
0
Let l be (3/6)/(2/4). Let m(u) = -u**2 - 6*u + 1. Let i(q) = 4*q**2 + 17*q - 3. Let x(f) = -6*i(f) - 17*m(f). What is x(l)?
-6
Let a(i) be the second derivative of -1/2*i**2 + i + 1/24*i**4 + 1/60*i**5 + 0 + 1/3*i**3. Let z(j) be the first derivative of a(j). Determine z(-3).
8
Let q be 7/4 + 3/(-4). Let x = -1 - -3. Let h = q + x. Let z(m) = m**3 - 2*m**2 - m. What is z(h)?
6
Let m(l) = -l**2 - 5*l + 3. Let r be (8 - -2)/(-1) + 2. Let z be 2/r - (-30)/(-8). Determine m(z).
7
Let a(c) = -8*c - 1 - 5 + 4*c. Let i(n) = 2*n + 3. Let o(m) = -2*m - 10. Let f be o(-7). Let q(l) = f*a(l) + 9*i(l). Determine q(-4).
-5
Let w(o) be the third derivative of -o**8/20160 - o**7/2520 + 7*o**6/720 - o**5/12 + 4*o**2. Let h(f) be the third derivative of w(f). Determine h(-5).
-8
Suppose -3*y = 2*d - 20, 2*y + 5*d - 15 - 13 = 0. Suppose -w - 17 = -y*t, 7*w - 5*t = 3*w - 46. Let l be 2 + 0 + 1 + w. Let c(r) = -r - 3. Give c(l).
3
Suppose -n + 0*x + 2*x = -8, 0 = 4*n - x - 4. Suppose n = 2*k - k + 4. Let w(d) be the third derivative of d**5/60 + d**4/8 - d**3/2 - 2*d**2. Give w(k).
1
Suppose 4*s - 2*s + 6 = 0. Let z(q) = -q + 2. Determine z(s).
5
Let f(o) = -o**2 + 5*o + 6. Let p be f(6). Let y be (p + -2)*(-3 - -2). Let b(l) = -2*l**2 - y*l + 1 + 2*l**2 + 2*l**2 + 0*l**2. Calculate b(1).
1
Let l(q) be the third derivative of q**4/8 + q**3/6 - 36*q**2. Determine l(-5).
-14
Suppose -4*k + 120 = -60. Let t be (1/(-3))/((-3)/k). Suppose -5*f - 4*l + t = -3*l, 0 = -4*f - 5*l + 25. Let m(b) = b**2 - b + 8. Give m(f).
8
Let m(j) be the first derivative of -j**4/4 + 5*j**3/3 + j**2 - 6*j - 12. Suppose 3*w - 6*w + 15 = 0. Determine m(w).
4
Let k(a) = 7*a**2 + a - 5. Let n(y) = 4*y**2 - 3. Let f(l) = -3*k(l) + 5*n(l). Determine f(-4).
-4
Let a = -3 + 9. Let r = a + -3. Let d = r + -2. Let k(c) = -7*c**3 + 2*c**2 - c. Determine k(d).
-6
Let c(s) = 2*s**3 - 2*s**2 - 2*s + 1. Let m = 31 + -29. Calculate c(m).
5
Let i = 6 + -10. Let y(x) be the third derivative of x**5/60 + 5*x**4/24 - x**3/6 + 4*x**2. Give y(i).
-5
Let x(f) = f**3 - 11*f**2 - 13*f + 18. Let v = 48 - 36. Give x(v).
6
Let b(i) = -i**2